 (-16 - -13)).
3
What is the value of 0 + (3 - (2 + -8)) + -2?
7
What is 2 + (11 - 0) + -19?
-6
What is the value of 2 - -1 - (2 - (-2 - -7))?
6
Evaluate -5 - 3 - (-6 + 6 - 4).
-4
What is 5 + -1 + (-1 - 2)?
1
What is the value of 3 - (1 + 1) - (8 + -5)?
-2
What is the value of 0 - 4 - (-15 - (-8 + -3))?
0
What is the value of 4 - 7 - 2 - -1?
-4
Evaluate -2 + (0 - (-5 - 0)).
3
What is the value of -9 - -5 - (2 + -2)?
-4
What is the value of 12 - 13 - 11 - -10?
-2
What is (-4 - -4) + 3 - 7?
-4
What is the value of 12 - (-1 - (-16 + 8))?
5
Evaluate 5 - 0 - (8 - 1).
-2
(-1 - ((-5 - -1) + 4)) + 1
0
Evaluate 1 - -1 - (12 + -7).
-3
What is 0 - -9 - (-17 + 21)?
5
Evaluate -1 + (7 + -2 + 0 - 12).
-8
Calculate (3 - 6) + 3 + 2.
2
Evaluate 0 - (-3 - (-4 - (-4 - -2))).
1
What is the value of (2 - 7) + (-44 - -57)?
8
Calculate -3 + -2 - -5 - 4.
-4
Evaluate -2 + 0 - (-7 - (3 + -9)).
-1
What is -6 + 2 + (-5 - -7) + 3?
1
Calculate 10 + (6 - (14 + -7 + 4)).
5
Evaluate (-5 + 4 - (0 + 1)) + 0.
-2
What is the value of 9 - (7 - (-1 - -6))?
7
What is the value of 0 + (1 - -3) - (8 + 1)?
-5
Evaluate -8 + 5 - (-4 - 4 - 1).
6
What is the value of -5 + 6 - (-3 + 1 + 4)?
-1
What is the value of 2 + 2 + (2 - 1) + -3?
2
What is the value of -39 + 29 + (-2 - -9)?
-3
Evaluate -3 + -1 + -7 + 5 + -2.
-8
Calculate (1 - (0 - 1)) + 5 - 3.
4
Evaluate (1 - 1) + -9 + 12 + 0.
3
What is 6 + 6 + -3 + (10 - 11)?
8
9 + 1 + (10 - 22)
-2
Calculate -2 - -4 - (4 + 4 + -2).
-4
-12 + 8 + -1 + 1 + -5
-9
Calculate 3 + (-2 - (2 + -1)) + 3.
3
(0 - (-1 - 6)) + 34 + -37
4
(-14 - -13) + (2 - 7)
-6
Calculate (7 - 5) + -3 - -3.
2
Evaluate 8 + (-16 - (3 + -8)).
-3
-5 - (0 + 2 - (14 - 7))
0
-5 + (-3 - (-3 - 3 - -4))
-6
Evaluate 9 + -6 + 6 - (13 - 7).
3
Calculate 3 - (-2 - -5) - (3 - 1).
-2
Evaluate 13 + (-9 - -3) - (2 - -5).
0
What is the value of (13 - 16 - (-2 + 1)) + 3?
1
Evaluate (-1 - 0 - 2) + -1.
-4
Evaluate (3 - (-5 - -1)) + (-23 - -18).
2
Calculate 2 - (6 - 1) - -4.
1
Evaluate 1 + (-3 - -1 - (-8 + 10)).
-3
Evaluate -2 + 0 + 8 + -6.
0
What is the value of -2 - 1 - (-3 + -5 + 10)?
-5
What is the value of -8 + 10 - (-1 - (3 + -5))?
1
What is (-2 - 0) + 18 + -11?
5
What is the value of (-3 - (0 + (-6 - -3))) + 4?
4
What is -6 + 11 + 7 + -8?
4
What is (3 - 0) + 0 + 0?
3
Calculate 10 + -7 + 1 + 3.
7
What is the value of (0 - 2) + (-12 - -14)?
0
What is the value of -4 - ((4 - 5 - 0) + 1)?
-4
(5 - 11) + -3 + 7
-2
4 + -4 + -2 + 5 + 1
4
(-3 - 6) + (1 - -4)
-4
1 + (-11 - (6 - 11)) + 0
-5
Evaluate 2 - (9 - 2) - (3 - 6).
-2
4 - (3 - 4) - 8 - -5
2
What is the value of -5 - ((-16 - -6) + 6)?
-1
What is 1 + -1 + -48 + 51?
3
Evaluate -4 + -1 + (-5 + 4 - -2).
-4
What is the value of 47 + -41 + -1 + 0?
5
Evaluate 0 - -4 - (4 - 5).
5
What is -2 + (-17 - -19 - (1 + 0))?
-1
Calculate (1 + -5 - -3) + -3.
-4
-10 + 9 + (-1 - -2 - -2)
2
Calculate -2 + (-5 - (3 - 3) - -2).
-5
What is the value of 4 - 6 - (0 - 1 - 1)?
0
Calculate 2 + -1 - (5 + (0 - 2)).
-2
Evaluate -8 - (2 - (4 + -1) - 4).
-3
Calculate 6 + -13 + -1 + 2.
-6
(5 + -6 - 5 - -2) + 3
-1
What is the value of -12 + (-18 - -8 - -15)?
-7
What is the value of 26 - 29 - (-8 - -1)?
4
What is (8 - 0) + 0 + -6 + 3?
5
What is the value of 13 + 0 - (15 - -3)?
-5
6 + (-16 - -4) + 2
-4
(-3 - (-6 - 2)) + -2 + -2
1
3 - 0 - (-76 + 76)
3
What is the value of -3 + (-5 + 2 - -3 - -3)?
0
What is 6 + -2 + 0 + 10 + -7?
7
Evaluate -10 + 2 + (-10 - -23).
5
What is (-1 - (-9 + 5)) + 1 + 0?
4
What is the value of 1 - (0 - (9 - 6))?
4
What is the value of 0 + 2 + (-13 - -6)?
-5
What is the value of -1 + 3 + 101 + -112?
-9
Evaluate 15 - 13 - (10 - 2).
-6
Calculate -1 + -4 + (-2 - -2) - 0.
-5
-7 + 5 + -1 + 9 + -2
4
9 - ((-13 - -17) + 10)
-5
Calculate -5 + (-4 + -1 - -13).
3
What is the value of 4 - 7 - (0 + 2 + 0)?
-5
What is 3 - -1 - (-6 - -1 - -12)?
-3
What is -1 + (-3 - -2) + (4 - 0)?
2
Evaluate 3 + 1 + -3 + 3 + -2.
2
-16 - -19 - (-2 - 1)
6
What is the value of -2 + 1 + (4 - -2)?
5
Evaluate -17 + 21 + -5 + 2 + -11.
-10
What is 2 - ((-6 - 0) + 9)?
-1
What is -2 + -2 + (-1 - 4) + 4?
-5
What is the value of 6 + (2 - (-3 - 3)) + -15?
-1
0 + (2 + -2 - -3)
3
(-5 - (5 + -16)) + -2
4
What is -36 + 31 - (1 + -2)?
-4
(4 - (0 + 2 + -3)) + -6
-1
Evaluate 8 + -14 - (0 + -2 - 3).
-1
9 - 14 - (1 - -1)
-7
What is 0 + 3 - (-3 + 3 + 5)?
-2
Evaluate 4 + 1 - (-4 + 7).
2
-1 - (7 + -3 + -3 + 1)
-3
Evaluate 0 + 4 + -1 - (0 - -1).
2
Evaluate 1 + (4 + -3 - 1) + -2.
-1
What is the value of 0 - (-9 - (-4 + -1))?
4
-14 + 9 - (-2 - 5)
2
Evaluate -60 - -67 - (5 + 3 + -1).
0
Calculate -3 - (8 - (-8 + 25 + -5)).
1
Evaluate 22 + -2 - 16 - (8 + -2).
-2
-9 + 8 - (-1 - (-3 - -3))
0
Evaluate -2 - (4 + -11) - 7.
-2
What is the value of 4 + 2 + -11 + 7?
2
What is the value of 7 + (-6 - 5) - (-5 - 1)?
2
Evaluate -6 + 1 + (-30 - -35).
0
What is -11 - (-1 - 2) - -3?
-5
What is (-6 - (2 + -12)) + -3?
1
Evaluate -1 + -1 + (-4 - 0).
-6
1 + (-2 - (-1 - -1))
-1
What is the value of 2 + (1 - (-1 + 0 + 0))?
4
Evaluate (-11 - -9) + (7 - 1).
4
What is the value of 1 + -3 + 0 + 0 - 0?
-2
-5 - (-4 + -8) - 10
-3
Evaluate 2 + -4 - (10 + (-2 - 4)).
-6
(5 - (9 - 5)) + 2
3
What is the value of 2 + 1 - (-9 - -17 - 2)?
-3
What is the value of 2 - ((-1 - -2) + (8 - 9))?
2
Calculate (1 - 0) + -298 + 288.
-9
What is 1 + -2 + 1 + -5?
-5
What is 13 + -12 + (-17 - -10)?
-6
Calculate (-6 - -7 - 7) + 4.
-2
What is the value of 1 - 2 - 1 - -4?
2
Calculate (3 - (4 + -3)) + -1 + 1.
2
What is -2 - (-4 + 8 - 8)?
2
What is 6 - 10 - (-13 + 12)?
-3
Calculate 3 + (3 - -1) + -3.
4
Evaluate -9 + 10 + -8 - -1.
-6
-4 - (2 + -7 - -3)
-2
What is the value of (5 + -3 - 0 - 1) + 2?
3
Evaluate -1 - (-4 - (2 - 9)).
-4
-3 + 11 + 2 + -6
4
Calculate (6 - 6) + -2 - (1 + 1).
-4
What is the value of -6 + (-4 - (5 + -11))?
-4
Calculate -5 + (4 - (-1 + -3)) + -7.
-4
-1 + 0 - (-9 + 1 + 3)
4
Calculate 5 + -2 + -4 + 2 + -6.
-5
What is 3 - (6 - 12) - 4?
5
What is -6 - -13 - (4 + (2 - 1))?
2
Calculate (-4 - (-2 - -3 - 4)) + 4.
3
Evaluate -10 - (-5 + -10) - 9.
-4
-9 + (-7 - -11) - (1 + -1)
-5
What is -1 + -1 - (1 + -3 + 1)?
-1
What is the value of 3 + (3 - 3) - (1 + 1)?
1
Calculate 1 + -6 + 12 + -2 + 0.
5
What is the value of (12 - 12) + (1 - 3)?
-2
What is 4 + (3 - 1) + -1?
5
What is -3 + (-8 + 4 - -1)?
-6
Calculate 0 - (-1 - (-1 + -3) - 10).
7
Calculate -9 - (10 + 10 + -37).
8
Calculate -1 + 0 + 2 + (-19 - -14).
-4
9 - (-4 - (-13 + 4))
4
Calculate 1 + 2 - (-2 - (-10 - -3)).
-2
What is 1 - (-2 - 1) - (4 + 2)?
-2
What is 6 - (6 + -4 - -2)?
2
6 - 0 - (5 - -5)
-4
What is 1 + 13 + -5 - 5?
4
What is the value of -5 + (9 - 8 - -1)?
-3
0 - (10 - 1 - 4)
-5
Calculate 5 + (15 - 25 - -13).
8
What is -4 - -2 - (-7 - -4 - 2)?
3
What is (-5 + 5 - 5 - -9) + -10?
-6
What is the value of 13 - (2 + 0 + -18 + 21)?
8
What is 0 + (-5 + -9 - -8)?
-6
Evaluate -5 + (-2 - -1 - (-1 + 0)).
-5
Evaluate -1 - ((-1 - -4) + -3).
-1
What is -8 + (-19 - -5) + 11?
-11
What is 4 - (0 + -2) - (0 + 8)?
-2
What is -13 + 6 + 2 + -2 + 2?
-5
Evaluate 6 - 4 - (1 - -2).
-1
What is the value of -5 + 1 + (-3 - (-5 + 3))?
-5
What is the value of (8 - 3) + (0 - 1) + -7?
-3
Calculate -11 + 1 - (-94 + 95).
-11
What is the value of 16 + -5 + -6 - (1 - -1)?
3
Evaluate -5 - 0 - ((1 - 14) + 0).
8
Calculate (-7 - -17) + -4 + (-14 - 0).
-8
What is (-1 - (1 - 7)) + -6 + 1?
0
Evaluate (3 - (1 - 3)) + -3 + 2.
4
What is 3 + -17 + 15 - (5 + -2)?
-2
What is -1 + 9 - (-1 - -10)?
-1
(7 - -3) + (-2 - 7)
1
What is 9 + (9 - 17 - 5)?
-4
-2 - -8 - (0 - -2 - 0)
4
0 + (0 - (4 - 0))
-4
18 - 16 - ((0 - 0) + 9)
-7
Evaluate -8 - (9 + -1) - -7 - -4.
-5
What is the value of 1 - (-4 - -6) - -6?
5
What is 6 - -2 - (6 + -1)?
3
What is the value of (-1 - 4) + (16 - 6 - 4)?
1
What is the value of 52 + -39 + (2 + -5 - 3)?
7
What is the value of 5 + (-8 - -6) + (-1 - -3)?
5
What is 9 - (0 + -2 + 5)?
6
What is -3 + 4 + (-4 - -16) - 4?
9
3 - 6 - -6 - (2 + -1)
2
What is the value of (-3 - 0 - -3) + 1 + -2?
-1
What is (-2 - 0 - 2) + 2 + 4?
2
What is the value of 0 + (-2 - -3) - (-7 - -9)?
-1
-1 + (-2 - -4) + 2 - -2
5
What is the value of 0 + -6 + 2 + 0?
-4
What is 4 + (-4 - (4 - 0))?
-4
What is the value of (-3 - 2 - (-1 - -4)) + 5?
-3
Evaluate 4 - (-6 - (-13 - 3)).
-6
What is the value of -1 - -4 - (-1 + 0 + 5)?
-1
Calculate (0 + 2 - 1) + 14 + -17.
-2
What is -7 + (